common divisor of 30 and u?
6
Let l = -25726 - -27439. Calculate the greatest common divisor of l and 3.
3
Let g be (-6)/48 - (-795)/24. Let f be g*(3 + -1 + 1). Suppose 10*n = 325 + 5. What is the greatest common divisor of n and f?
33
Let d(y) = -8*y - 10*y + 6*y - 9*y**2 - 20 - y**3 + y. Let h(b) = b + 19. Let c be h(-27). Let p be d(c). Calculate the greatest common divisor of 4 and p.
4
Suppose -2 = -2*w + w, 2*w = -4*j + 8068. Calculate the highest common divisor of 64 and j.
32
Suppose 3*o = 15*a - 20*a + 10030, 0 = 3*a - 2*o - 6037. What is the greatest common factor of 833 and a?
49
Suppose -43*s + 772440 = 13*s + 4*s. What is the greatest common divisor of 82 and s?
82
Let m = -14859 + 14876. Calculate the greatest common factor of m and 14586.
17
Let r(n) = -n**2 - 8*n + 11. Let m be r(-9). Suppose -8*b = -m*b - 24. Let c be (-2)/b*(-71 - 19). Calculate the highest common divisor of 5 and c.
5
Let h(n) = 246*n - 171. Let o be h(1). Suppose b + 0*b = f + 241, -4*b = f - 959. Calculate the greatest common divisor of o and b.
15
Suppose -271 = 2*d - 91. Let y = d + 91. Let k be (-86)/(-18) + 2/9. Calculate the highest common divisor of k and y.
1
Suppose 2*g + 0*g + 8 = 4*k, -10 = -2*k. Let p be g/18*-6*(-9)/2. Suppose 0 = u - p - 51. Calculate the highest common factor of u and 20.
20
Suppose 38*g = 1742 + 4034. Calculate the greatest common factor of g and 798.
38
Suppose -29*a + 5640 = 18*a. What is the highest common factor of 735 and a?
15
Let d = 687 - 629. Suppose -d*w + 63*w = 4*o + 128, 0 = -5*w - 5*o + 110. What is the highest common divisor of 114 and w?
6
Suppose 0 = -439*u + 7278 + 979 - 794. Suppose 5*g - 99 - 121 = 0. Suppose -t = -24 - g. What is the greatest common factor of t and u?
17
Let h be ((-3186)/2832)/((-1)/16). Suppose 2*a - r = 252, -3*a - r + 0*r + 378 = 0. What is the highest common factor of a and h?
18
Let x = 180 - 180. Suppose -16*p - 12*p + 560 = x. Calculate the greatest common divisor of p and 100.
20
Let s be 1215*1 - (29 + 6)/(-7). Suppose -375 = -5*x + s. Calculate the greatest common factor of 11 and x.
11
Suppose 3*r + 103 = 5*u, 0 = 4*u - u + 5*r - 89. Let g = 3 + u. Let w be (-4)/g + 465/65. Calculate the highest common divisor of 63 and w.
7
Let c(f) = -504*f - 1821. Let v be c(-4). Calculate the greatest common divisor of v and 325.
65
Suppose 0 = q - 3*t - 18204, 10*q = 12*q - 2*t - 36424. What is the highest common factor of q and 138?
138
Suppose 0 = 305*o + 129*o - 11117 - 5809. Let g = -7 - -9. Suppose 0 = 3*n + 2*n - g*f - 128, 3*n + 5*f = 83. What is the greatest common divisor of o and n?
13
Let z(f) = -f + 2. Let r be z(2). Suppose r = -k + 1 - 7. Let v = 12 - k. What is the greatest common factor of v and 72?
18
Let q(a) = 2*a**3 - 6*a**2 - 21*a + 103. Let g be q(4). Calculate the greatest common factor of g and 425.
17
Let o(n) = 34*n - 278. Let c be o(43). What is the greatest common factor of c and 32?
32
Let u be 13 - (-98 - -11) - (0 - 0). Calculate the highest common factor of 1600 and u.
100
Suppose -298 = -5*p + z, 462 = 5*p + z + 160. Calculate the greatest common divisor of p and 1176.
12
Let i be (-384)/(-16) - (-1 - 1). What is the greatest common factor of i and 41?
1
Let g = 43 + -34. Suppose 378 = 5*s + g*s. What is the highest common divisor of s and 72?
9
Suppose 8867 + 16835 = 19*s - 4318. What is the greatest common factor of 20 and s?
20
Suppose -5*z + 7*z + 30 = 0. Let k(j) = j**2 + 26*j - 59. Let b be k(-29). Let y = z + b. What is the highest common factor of y and 104?
13
Suppose -23*k + 89726 + 401673 = 70223. What is the highest common factor of k and 336?
168
Let o = 495 - 257. Suppose -233*z + o*z - 70 = 0. Let n be ((-35)/4)/(2/(-8)). What is the highest common factor of n and z?
7
Let u(d) = -2*d**3 - 6*d**2 - 31*d - 221. Let y be u(-5). Let o(k) = -k**3 - k**2 + k + 459. Let w be o(0). What is the greatest common factor of w and y?
17
Let p(d) = -d**3 - 2*d**2 + 2*d + 175. Let z be p(0). What is the greatest common factor of 364 and z?
7
Let w = -358 - -359. Let k(g) = 23*g**2 + 5*g - 4. Let b be k(w). Calculate the greatest common factor of 88 and b.
8
Let f = 3799 - 3793. Calculate the greatest common divisor of 159 and f.
3
Let g = -22505 - -23090. What is the greatest common divisor of g and 156?
39
Let r be (-2)/9 + (-14)/((-3654)/39469). Calculate the greatest common factor of 4681 and r.
151
Let v(l) = 3*l**2 + 6*l - 6. Let w be v(-5). Let o = w - -27. Suppose -7362*h + 7333*h + 638 = 0. Calculate the highest common factor of h and o.
22
Let y(h) = -h**2 - 29*h + 17. Suppose -5*l - 81 = -p, 14 = l - 2*l - 2*p. Let d be y(l). Calculate the greatest common divisor of 9 and d.
9
Let n(w) be the first derivative of 6*w**3 - 5*w**2/2 + 14*w + 144. Let v be n(3). What is the greatest common factor of 7 and v?
7
Suppose 4*c = -a + 148, 0*c = -c + 1. Let z = -36 - -42. Suppose 2*s - r = -z*r + 51, 0 = 4*s + 2*r - 78. Calculate the greatest common divisor of s and a.
18
Let n be 2*-3*((-230)/20 - 7). Calculate the highest common factor of n and 444.
111
Let j be ((-584)/(-12)*3)/((-1162)/(-231) + -5). Calculate the greatest common factor of 6 and j.
6
Let n(r) = 11*r + 3. Let b be n(1). Let j(x) = 125*x - 123. Let g be j(1). What is the highest common factor of g and b?
2
Suppose -4*b - 1 = 2*a - 9, 0 = -b - 2*a + 2. Suppose -b*y = m - 54, y = 4*y + 4*m - 81. Let t = y + -13. Calculate the highest common factor of 2 and t.
2
Suppose 18*u = 8210 + 5830. Suppose 10*p - u = 130. What is the highest common factor of 39 and p?
13
Suppose -4*h = -3*g + 105, -231 = -g - 5*g + h. Calculate the greatest common factor of g and 11973.
39
Suppose 47 - 776 = -2*n + 5*h, 2*n - 774 = -4*h. Suppose 65*g = 94*g - n. Calculate the highest common divisor of g and 104.
13
Suppose -5*x = -62 - 68. Suppose 0 = 5*v - 4*v - x. Let d = v - 21. Calculate the highest common divisor of d and 35.
5
Let y(d) = -1913*d + 3946. Let r be y(2). Suppose -3*g = 4*s - 0*g - 9, 2*g = -10. Suppose -s*z = -z - 150. Calculate the greatest common factor of r and z.
30
Let d(p) = -32*p**3 - 100*p**2 + 8*p + 23. Let b be d(-6). Calculate the highest common divisor of 95 and b.
19
Let x = -1 - 3. Let f(t) = t**3 + 5*t**2 - 2*t - 7. Let q be f(x). Let h = 319 + -183. What is the highest common factor of q and h?
17
Let x(o) = 2*o + 2 - 21 + 2. Let w be x(11). Let m(y) = -y**2 + 15*y - 14. Let l be m(w). What is the greatest common divisor of l and 108?
36
Suppose -z + 2*g + 53 = -22, -168 = -2*z - 2*g. What is the highest common factor of z and 801?
9
Let f(v) = 26*v**3 - 3*v**2 - 7*v - 9. Let h be f(-2). Let g = -150 - h. Calculate the highest common factor of 26 and g.
13
Let i(t) = 2*t**2 - 2*t - 4. Let q be i(4). Suppose 5*f = 190*r - 185*r + 5, 0 = 3*r + 3*f - 27. What is the highest common divisor of q and r?
4
Let d = 1147 + 163. What is the highest common divisor of 20 and d?
10
Let v(x) = -x**2 - 11. Let y be v(-10). Let n = y - -166. Let j be 1 - (3 - 26/2). What is the highest common factor of j and n?
11
Let a = -5594 + 6019. Calculate the greatest common divisor of 775 and a.
25
Suppose 2*t = -3*m + 1, 13*t - 8*t - 22 = -m. Let y = 14 + -20. Let o be ((-9)/y)/m*-4. What is the greatest common factor of 1 and o?
1
Suppose 6*j + 20 + 106 = 0. Let c = j + 428. Calculate the highest common divisor of c and 37.
37
Let y be (-1 - -3390) + 76/722*38. What is the highest common factor of 117 and y?
117
Let d(i) = 675*i - 2004. Let f be d(3). Calculate the highest common divisor of 4137 and f.
21
Let f = 901 + -884. Suppose -23*c + 293 = f. What is the highest common divisor of c and 32?
4
Suppose 27*z - 29*z + 1310 = 2*v, -11*v + 7165 = 3*z. Let n = -192 + 342. Calculate the greatest common factor of n and v.
50
Let l = -149 - -344. Let c = -180 + l. What is the highest common factor of c and 10?
5
Suppose -13019*t = -12991*t - 3136. What is the highest common divisor of t and 14?
14
Suppose 0 = 41*l - 50*l + 276 + 147. What is the highest common divisor of 20257 and l?
47
Suppose -11*n = -28 - 82. Let l = 2509 - 2239. What is the greatest common factor of l and n?
10
Let j(f) = f**3 + 2*f**2 - 2*f - 2. Let s be j(2). Let q(y) = 7*y**2 - 19*y - 70. Let i be q(12). Calculate the highest c